
1
Calculate the highest common factor of 176 and 198.
22
Calculate the highest common divisor of 224 and 126.
14
Calculate the greatest common factor of 8715 and 105.
105
What is the greatest common divisor of 297 and 243?
27
What is the greatest common factor of 33 and 77?
11
What is the highest common factor of 9 and 2196?
9
Calculate the greatest common factor of 39 and 7787.
13
Calculate the highest common divisor of 1984 and 704.
64
Calculate the greatest common factor of 1066 and 806.
26
What is the highest common divisor of 9088 and 256?
128
Calculate the greatest common divisor of 473 and 33.
11
What is the highest common divisor of 210 and 780?
30
Calculate the greatest common divisor of 4948 and 36.
4
What is the highest common divisor of 2755 and 95?
95
What is the highest common divisor of 83 and 1328?
83
What is the greatest common factor of 714 and 1344?
42
Calculate the greatest common divisor of 16 and 51536.
16
What is the highest common divisor of 98791 and 77?
77
What is the greatest common divisor of 6704 and 16?
16
Calculate the greatest common divisor of 425 and 34.
17
What is the highest common divisor of 122 and 18422?
122
What is the highest common factor of 374 and 44?
22
Calculate the greatest common factor of 1210 and 30.
10
What is the greatest common divisor of 5 and 140?
5
Calculate the greatest common divisor of 12 and 61836.
12
What is the highest common divisor of 308 and 5588?
44
What is the greatest common factor of 850 and 50?
50
Calculate the highest common factor of 480 and 384.
96
What is the greatest common factor of 742 and 159?
53
What is the highest common factor of 18 and 612?
18
What is the greatest common divisor of 248 and 62?
62
Calculate the greatest common divisor of 876 and 29492.
292
What is the greatest common factor of 20 and 52?
4
Calculate the highest common factor of 308 and 1036.
28
What is the highest common divisor of 396 and 288?
36
Calculate the highest common divisor of 403 and 31.
31
Calculate the highest common factor of 288 and 96.
96
Calculate the highest common divisor of 10 and 255.
5
What is the greatest common factor of 238 and 272?
34
What is the highest common factor of 10 and 1175?
5
What is the highest common divisor of 99 and 2871?
99
What is the highest common factor of 420 and 105?
105
Calculate the highest common factor of 15250 and 122.
122
What is the greatest common factor of 44 and 66?
22
What is the highest common factor of 685 and 5?
5
Calculate the greatest common divisor of 10971 and 828.
207
Calculate the highest common factor of 3088 and 3474.
386
Calculate the greatest common factor of 108 and 4266.
54
Calculate the greatest common factor of 6052 and 68.
68
Calculate the greatest common divisor of 174 and 24.
6
Calculate the greatest common factor of 34 and 323.
17
Calculate the highest common factor of 320 and 10400.
160
What is the greatest common divisor of 600 and 24?
24
What is the highest common divisor of 10905 and 30?
15
What is the highest common factor of 258 and 78?
6
Calculate the greatest common divisor of 32 and 6.
2
What is the greatest common divisor of 111 and 296?
37
Calculate the highest common factor of 221 and 5.
1
What is the highest common factor of 5876 and 104?
52
What is the greatest common factor of 72 and 36000?
72
Calculate the greatest common divisor of 351 and 13.
13
Calculate the greatest common factor of 4 and 2452.
4
Calculate the greatest common factor of 285 and 165.
15
Calculate the highest common divisor of 31 and 248.
31
Calculate the greatest common divisor of 24 and 456.
24
What is the greatest common factor of 14 and 70?
14
Calculate the highest common divisor of 4270 and 244.
122
What is the highest common factor of 1704 and 96?
24
Calculate the highest common divisor of 1 and 73.
1
What is the greatest common factor of 70 and 266?
14
Calculate the greatest common factor of 256 and 8.
8
What is the greatest common factor of 248 and 310?
62
Calculate the greatest common factor of 63 and 672.
21
Calculate the greatest common factor of 25840 and 160.
80
Calculate the highest common divisor of 11 and 1.
1
What is the greatest common divisor of 923 and 26?
13
Calculate the greatest common divisor of 165 and 75.
15
What is the greatest common factor of 4 and 134?
2
What is the highest common factor of 33 and 187?
11
What is the highest common factor of 1988 and 28?
28
What is the greatest common divisor of 36 and 27?
9
Calculate the greatest common factor of 7 and 61.
1
What is the greatest common factor of 28 and 15400?
28
Calculate the highest common divisor of 90 and 10.
10
Calculate the highest common factor of 729 and 135.
27
What is the greatest common factor of 3780 and 2016?
252
What is the highest common divisor of 249 and 664?
83
What is the greatest common divisor of 3795 and 9315?
345
What is the highest common divisor of 34 and 272?
34
Calculate the highest common divisor of 3240 and 120.
120
What is the greatest common factor of 300 and 120?
60
Calculate the greatest common divisor of 280 and 6328.
56
Calculate the greatest common divisor of 723 and 28438.
241
What is the greatest common divisor of 12047 and 14?
7
What is the highest common divisor of 59 and 18703?
59
Calculate the highest common factor of 9 and 25839.
9
What is the highest common factor of 112 and 32?
16
Calculate the greatest common divisor of 1683 and 459.
153
Calculate the greatest common factor of 45 and 360.
45
Calculate the greatest common factor of 32 and 6056.
8
What is the highest common divisor of 317 and 14899?
317
Calculate the highest common divisor of 16 and 7980.
4
Calculate the greatest common factor of 19456 and 19.
19
What is the highest common divisor of 90 and 1110?
30
What is the greatest common divisor of 285 and 75?
15
Calculate the greatest common factor of 212 and 68.
4
Calculate the highest common divisor of 79 and 79.
79
What is the highest common divisor of 14 and 91?
7
Calculate the greatest common factor of 465 and 15.
15
What is the highest common factor of 4 and 239?
1
Calculate the greatest common divisor of 1073 and 29.
29
What is the greatest common divisor of 54 and 33750?
54
Calculate the highest common divisor of 11663 and 763.
109
Calculate the highest common divisor of 425 and 17.
17
Calculate the greatest common divisor of 1025 and 725.
25
Calculate the greatest common factor of 352 and 112.
16
What is the highest common factor of 39560 and 345?
115
What is the highest common factor of 92 and 506?
46
Calculate the highest common factor of 21168 and 1470.
294
Calculate the highest common factor of 42 and 5082.
42
What is the highest common divisor of 808 and 12827?
101
Calculate the highest common factor of 146 and 949.
73
Calculate the greatest common factor of 2763 and 9.
9
What is the greatest common divisor of 1818 and 404?
202
What is the highest common factor of 72 and 224?
8
What is the greatest common factor of 264 and 440?
88
What is the greatest common divisor of 2752 and 4?
4
What is the highest common divisor of 104 and 2808?
104
What is the highest common divisor of 551 and 19?
19
What is the highest common divisor of 108 and 4509?
27
Calculate the highest common divisor of 7 and 189.
7
Calculate the greatest common divisor of 950 and 750.
50
What is the greatest common divisor of 2312 and 8?
8
What is the greatest common divisor of 585 and 65?
65
Calculate the greatest common factor of 2475 and 330.
165
Calculate the highest common divisor of 336 and 63.
21
Calculate the greatest common factor of 75 and 45.
15
Calculate the greatest common divisor of 552 and 312.
24
Calculate the greatest common factor of 102 and 136.
34
Calculate the greatest common factor of 216 and 486.
54
Calculate the highest common factor of 145 and 70.
5
Calculate the greatest common divisor of 54 and 234.
18
Calculate the greatest common divisor of 10 and 115.
5
Calculate the highest common factor of 2527 and 7.
7
What is the greatest common factor of 92 and 460?
92
What is the highest common divisor of 1189 and 82?
41
What is the highest common divisor of 17 and 2?
1
What is the greatest common divisor of 120 and 1430?
10
Calculate the greatest common divisor of 30 and 9470.
10
Calculate the greatest c